prime factors of 11393663?
11393663
What are the prime factors of 246331?
313, 787
What are the prime factors of 339653?
339653
List the prime factors of 426945.
3, 5, 28463
List the prime factors of 1030245.
3, 5, 68683
List the prime factors of 3913.
7, 13, 43
List the prime factors of 3586349.
13, 21221
List the prime factors of 818642.
2, 11, 127, 293
What are the prime factors of 49419?
3, 17, 19
List the prime factors of 61029.
3, 6781
What are the prime factors of 465113?
11, 42283
What are the prime factors of 98946?
2, 3, 23, 239
What are the prime factors of 709639?
7, 101377
What are the prime factors of 8445997?
7, 83, 14537
What are the prime factors of 519044?
2, 17, 449
What are the prime factors of 1300969?
29, 113, 397
What are the prime factors of 38252?
2, 73, 131
What are the prime factors of 1137828?
2, 3, 94819
What are the prime factors of 3083235?
3, 5, 205549
List the prime factors of 4142231.
23, 180097
What are the prime factors of 10314753?
3, 113, 30427
What are the prime factors of 165723?
3, 37, 1493
What are the prime factors of 12087399?
3, 151, 26683
What are the prime factors of 2517698?
2, 163, 7723
List the prime factors of 258754.
2, 67, 1931
List the prime factors of 2010973.
2010973
List the prime factors of 32486.
2, 37, 439
List the prime factors of 1058403.
3, 17, 20753
List the prime factors of 2344514.
2, 1172257
What are the prime factors of 14243289?
3, 487, 9749
List the prime factors of 330520.
2, 5, 8263
List the prime factors of 148239.
3, 7, 13, 181
List the prime factors of 3638214.
2, 3, 107, 1889
What are the prime factors of 2648441?
1153, 2297
What are the prime factors of 5704215?
3, 5, 11, 181, 191
List the prime factors of 277605.
3, 5, 31, 199
What are the prime factors of 456396?
2, 3, 73, 521
What are the prime factors of 3275039?
23, 41, 151
What are the prime factors of 9614173?
73, 131701
What are the prime factors of 4977050?
2, 5, 13, 19, 31
What are the prime factors of 4512237?
3, 971, 1549
List the prime factors of 1122659.
1122659
List the prime factors of 298591.
47, 6353
List the prime factors of 9853106.
2, 43, 114571
What are the prime factors of 33535936?
2, 7, 74857
List the prime factors of 26087816.
2, 3260977
What are the prime factors of 11309842?
2, 5654921
List the prime factors of 1397320.
2, 5, 181, 193
What are the prime factors of 3390937?
11, 43, 67, 107
What are the prime factors of 1036594?
2, 13, 39869
List the prime factors of 1140767.
179, 6373
What are the prime factors of 541749?
3, 13, 29, 479
List the prime factors of 201601.
449
What are the prime factors of 9566631?
3, 17, 31, 2017
What are the prime factors of 20640213?
3, 11, 19, 10973
List the prime factors of 195732.
2, 3, 5437
List the prime factors of 199218.
2, 3, 33203
What are the prime factors of 7746698?
2, 3873349
What are the prime factors of 4849436?
2, 883, 1373
What are the prime factors of 311491?
17, 73, 251
List the prime factors of 770882.
2, 7, 17, 41, 79
What are the prime factors of 1278736?
2, 229, 349
List the prime factors of 7162902.
2, 3, 397939
What are the prime factors of 878151?
3, 292717
What are the prime factors of 187105?
5, 23, 1627
List the prime factors of 12458865.
3, 5, 830591
List the prime factors of 8417.
19, 443
List the prime factors of 2180058.
2, 3, 363343
List the prime factors of 4584506.
2, 2292253
What are the prime factors of 11687380?
2, 5, 311, 1879
What are the prime factors of 13127?
13127
List the prime factors of 1337673.
3, 445891
List the prime factors of 201580.
2, 5, 10079
List the prime factors of 2692413.
3, 99719
List the prime factors of 1454044.
2, 17, 21383
List the prime factors of 140901.
3, 67, 701
List the prime factors of 222632.
2, 17, 1637
What are the prime factors of 421880?
2, 5, 53, 199
What are the prime factors of 210817?
17, 12401
What are the prime factors of 219087?
3, 11, 2213
What are the prime factors of 18721374?
2, 3, 7, 445747
List the prime factors of 8462227.
653, 12959
What are the prime factors of 1310961?
3, 379, 1153
What are the prime factors of 35504738?
2, 17, 1044257
List the prime factors of 1592449.
97, 16417
What are the prime factors of 25141260?
2, 3, 5, 29, 14449
List the prime factors of 2955351.
3, 7, 140731
List the prime factors of 1172195.
5, 23, 10193
List the prime factors of 433173.
3, 13, 29, 383
What are the prime factors of 2118835?
5, 61, 6947
List the prime factors of 1878109.
17, 110477
What are the prime factors of 624784?
2, 17, 2297
What are the prime factors of 2373692?
2, 23, 25801
List the prime factors of 28524312.
2, 3, 67, 73
List the prime factors of 121387.
7, 17341
What are the prime factors of 590303?
7, 1721
List the prime factors of 1646480.
2, 5, 11, 1871
What are the prime factors of 243397?
7, 11, 29, 109
List the prime factors of 2459266.
2, 1229633
What are the prime factors of 425598?
2, 3, 89, 797
What are the prime factors of 45936?
2, 3, 11, 29
What are the prime factors of 13841875?
5, 22147
What are the prime factors of 5275913?
1777, 2969
List the prime factors of 6825459.
3, 197, 11549
What are the prime factors of 110494?
2, 101, 547
What are the prime factors of 646782?
2, 3, 17, 373
What are the prime factors of 2016244?
2, 504061
List the prime factors of 16671.
3, 5557
List the prime factors of 190777.
71, 2687
What are the prime factors of 2057158?
2, 1028579
What are the prime factors of 11636487?
3, 430981
What are the prime factors of 350758?
2, 83, 2113
What are the prime factors of 23558084?
2, 11, 71, 7541
List the prime factors of 859892.
2, 11, 19543
List the prime factors of 1232101.
13, 94777
List the prime factors of 337586.
2, 17, 9929
List the prime factors of 6053197.
241, 25117
List the prime factors of 423593.
43, 9851
What are the prime factors of 255363?
3, 85121
What are the prime factors of 158092?
2, 11, 3593
List the prime factors of 245946.
2, 3, 179, 229
List the prime factors of 2119974.
2, 3, 353329
List the prime factors of 241044.
2, 3, 53, 379
List the prime factors of 208436.
2, 107, 487
List the prime factors of 1367599.
17, 80447
What are the prime factors of 944976?
2, 3, 19687
List the prime factors of 781334.
2, 227, 1721
What are the prime factors of 13884098?
2, 19, 29, 43, 293
List the prime factors of 5972744.
2, 521, 1433
List the prime factors of 406430.
2, 5, 97, 419
What are the prime factors of 1389346?
2, 7, 14177
What are the prime factors of 267745?
5, 53549
What are the prime factors of 37632786?
2, 3, 607, 10333
What are the prime factors of 543667?
107, 5081
What are the prime factors of 1881485?
5, 376297
List the prime factors of 4017940.
2, 5, 79, 2543
What are the prime factors of 322024?
2, 40253
What are the prime factors of 8554513?
11, 777683
What are the prime factors of 604855?
5, 137, 883
What are the prime factors of 961794?
2, 3, 1979
What are the prime factors of 3028317?
3, 1009439
What are the prime factors of 434807?
434807
List the prime factors of 473099.
11, 41, 1049
What are the prime factors of 34386353?
34386353
What are the prime factors of 8382360?
2, 3, 5, 7, 17, 587
List the prime factors of 1762265.
5, 47, 7499
What are the prime factors of 4510590?
2, 3, 5, 7, 47, 457
List the prime factors of 2962244.
2, 740561
List the prime factors of 1595653.
1595653
List the prime factors of 6280436.
2, 673, 2333
List the prime factors of 338496.
2, 3, 41, 43
What are the prime factors of 22642816?
2, 7, 37, 683
List the prime factors of 59594.
2, 83, 359
What are the prime factors of 150533?
150533
What are the prime factors of 898658?
2, 613, 733
List the prime factors of 200611.
83, 2417
List the prime factors of 1023601.
1023601
What are the prime factors of 1520422?
2, 760211
What are the prime factors of 2040411?
3, 29, 47, 499
List the prime factors of 273455.
5, 7, 13, 601
List the prime factors of 43327.
37, 1171
What are the prime factors of 89184?
2, 3, 929
List the prime factors of 545143.
545143
What are the prime factors of 1132673?
1132673
List the prime factors of 1183325.
5, 11, 13, 331
List the prime factors of 8746484.
2, 53, 41257
List the prime factors of 2122754.
2, 1061377
List the prime factors of 6853.
7, 11, 89
What are the prime factors of 138693